{"id":1274247,"date":"2013-03-27T05:03:11","date_gmt":"2013-03-27T04:03:11","guid":{"rendered":"https:\/\/abbonati.shoped.it\/shop\/?post_type=product&#038;p=1274247"},"modified":"2026-04-03T04:41:33","modified_gmt":"2026-04-03T02:41:33","slug":"abbonamento-digitale-dueruote-12-copie-3","status":"publish","type":"product","link":"https:\/\/www.shoped.it\/shop\/prodotto\/abbonamento-digitale-dueruote-12-copie-3\/","title":{"rendered":"Abbonamento digitale a Dueruote  (1 anno)"},"content":{"rendered":"","protected":false},"excerpt":{"rendered":"<p>Dueruote, la rivista di moto che corre con la tua passione, oggi in versione digitale, per computer, tablet e smartphone Dueruote \u00e8 la rivista di riferimento per tutti gli appassionati di moto e scooter. Un appuntamento mensile imperdibile con test in pista,\u00a0notizie, curiosit\u00e0, opinioni sui modelli pi\u00f9 interessanti. In pi\u00f9, listini del nuovo e le [&hellip;]<\/p>\n","protected":false},"featured_media":1695026,"template":"","meta":{"_acf_changed":false},"product_brand":[],"product_cat":[31977,32219,32207,32279,31522,31561],"product_tag":[],"class_list":{"0":"post-1274247","1":"product","2":"type-product","3":"status-publish","4":"has-post-thumbnail","6":"product_cat-intermediario-convenzione","7":"product_cat-intermediario-essere-un-motociclista","8":"product_cat-intermediario-feltrinelli","9":"product_cat-intermediario-fna-2020","10":"product_cat-pagine-nascoste","11":"product_cat-abbonamenti-pagine-nascoste","12":"pa_durata-1-anno","13":"pa_formato-24-digitale","14":"pa_supporto-digitale","15":"pa_testata-10-dueruote","16":"pa_tipo-prodotto-abbonamento","18":"first","19":"instock","20":"sale","21":"virtual","22":"sold-individually","23":"purchasable","24":"product-type-simple"},"acf":[],"yoast_head":"<!-- This site is optimized with the Yoast SEO plugin v25.9 - https:\/\/yoast.com\/wordpress\/plugins\/seo\/ -->\n<title>Abbonamento digitale a Dueruote (1 anno) - ShopED - Editoriale Domus<\/title>\n<meta name=\"robots\" content=\"index, follow, max-snippet:-1, max-image-preview:large, max-video-preview:-1\" \/>\n<link rel=\"canonical\" href=\"https:\/\/www.shoped.it\/shop\/prodotto\/abbonamento-digitale-dueruote-12-copie-3\/\" \/>\n<meta property=\"og:locale\" content=\"it_IT\" \/>\n<meta property=\"og:type\" content=\"article\" \/>\n<meta property=\"og:title\" content=\"Abbonamento digitale a Dueruote (1 anno) - ShopED - Editoriale Domus\" \/>\n<meta property=\"og:description\" content=\"Dueruote, la rivista di moto che corre con la tua passione, oggi in versione digitale, per computer, tablet e smartphone Dueruote \u00e8 la rivista di riferimento per tutti gli appassionati di moto e scooter. Un appuntamento mensile imperdibile con test in pista,\u00a0notizie, curiosit\u00e0, opinioni sui modelli pi\u00f9 interessanti. In pi\u00f9, listini del nuovo e le [&hellip;]\" \/>\n<meta property=\"og:url\" content=\"https:\/\/www.shoped.it\/shop\/prodotto\/abbonamento-digitale-dueruote-12-copie-3\/\" \/>\n<meta property=\"og:site_name\" content=\"ShopED - Editoriale Domus\" \/>\n<meta property=\"article:modified_time\" content=\"2026-04-03T02:41:33+00:00\" \/>\n<meta property=\"og:image\" content=\"https:\/\/www.shoped.it\/shop\/wp-content\/uploads\/2013\/03\/IMMAGINE-X-SHOPED-DRT-ABBO-DIGITALE-576X618-PX-RAF-01-400x429-1.webp\" \/>\n\t<meta property=\"og:image:width\" content=\"400\" \/>\n\t<meta property=\"og:image:height\" content=\"429\" \/>\n\t<meta property=\"og:image:type\" content=\"image\/webp\" \/>\n<meta name=\"twitter:card\" content=\"summary_large_image\" \/>\n<meta name=\"twitter:label1\" content=\"Tempo di lettura stimato\" \/>\n\t<meta name=\"twitter:data1\" content=\"1 minuto\" \/>\n<script type=\"application\/ld+json\" class=\"yoast-schema-graph\">{\"@context\":\"https:\/\/schema.org\",\"@graph\":[{\"@type\":\"WebPage\",\"@id\":\"https:\/\/www.shoped.it\/shop\/prodotto\/abbonamento-digitale-dueruote-12-copie-3\/\",\"url\":\"https:\/\/www.shoped.it\/shop\/prodotto\/abbonamento-digitale-dueruote-12-copie-3\/\",\"name\":\"Abbonamento digitale a Dueruote (1 anno) - ShopED - Editoriale Domus\",\"isPartOf\":{\"@id\":\"https:\/\/www.shoped.it\/shop\/#website\"},\"primaryImageOfPage\":{\"@id\":\"https:\/\/www.shoped.it\/shop\/prodotto\/abbonamento-digitale-dueruote-12-copie-3\/#primaryimage\"},\"image\":{\"@id\":\"https:\/\/www.shoped.it\/shop\/prodotto\/abbonamento-digitale-dueruote-12-copie-3\/#primaryimage\"},\"thumbnailUrl\":\"https:\/\/www.shoped.it\/shop\/wp-content\/uploads\/2013\/03\/IMMAGINE-X-SHOPED-DRT-ABBO-DIGITALE-576X618-PX-RAF-01-400x429-1.webp\",\"datePublished\":\"2013-03-27T04:03:11+00:00\",\"dateModified\":\"2026-04-03T02:41:33+00:00\",\"breadcrumb\":{\"@id\":\"https:\/\/www.shoped.it\/shop\/prodotto\/abbonamento-digitale-dueruote-12-copie-3\/#breadcrumb\"},\"inLanguage\":\"it-IT\",\"potentialAction\":[{\"@type\":\"ReadAction\",\"target\":[\"https:\/\/www.shoped.it\/shop\/prodotto\/abbonamento-digitale-dueruote-12-copie-3\/\"]}]},{\"@type\":\"ImageObject\",\"inLanguage\":\"it-IT\",\"@id\":\"https:\/\/www.shoped.it\/shop\/prodotto\/abbonamento-digitale-dueruote-12-copie-3\/#primaryimage\",\"url\":\"https:\/\/www.shoped.it\/shop\/wp-content\/uploads\/2013\/03\/IMMAGINE-X-SHOPED-DRT-ABBO-DIGITALE-576X618-PX-RAF-01-400x429-1.webp\",\"contentUrl\":\"https:\/\/www.shoped.it\/shop\/wp-content\/uploads\/2013\/03\/IMMAGINE-X-SHOPED-DRT-ABBO-DIGITALE-576X618-PX-RAF-01-400x429-1.webp\",\"width\":400,\"height\":429},{\"@type\":\"BreadcrumbList\",\"@id\":\"https:\/\/www.shoped.it\/shop\/prodotto\/abbonamento-digitale-dueruote-12-copie-3\/#breadcrumb\",\"itemListElement\":[{\"@type\":\"ListItem\",\"position\":1,\"name\":\"Home\",\"item\":\"https:\/\/www.shoped.it\/shop\/\"},{\"@type\":\"ListItem\",\"position\":2,\"name\":\"Shop\",\"item\":\"https:\/\/www.shoped.it\/shop\/negozio\/\"},{\"@type\":\"ListItem\",\"position\":3,\"name\":\"Pagine Nascoste\",\"item\":\"https:\/\/www.shoped.it\/shop\/categoria-prodotto\/pagine-nascoste\/\"},{\"@type\":\"ListItem\",\"position\":4,\"name\":\"Abbonamento digitale a Dueruote (1 anno)\"}]},{\"@type\":\"WebSite\",\"@id\":\"https:\/\/www.shoped.it\/shop\/#website\",\"url\":\"https:\/\/www.shoped.it\/shop\/\",\"name\":\"ShopED - Editoriale Domus\",\"description\":\"lo shop on line di Editoriale Domus: tutti i prodotti di Domus, Quattroruote, Il Cucchiao d&#039;Argento, Meridiani, Meridiani Montagna, Dueruote, Ruoteclassiche, Tuttotrasporti XoffRoad, autopro, TopGear\",\"publisher\":{\"@id\":\"https:\/\/www.shoped.it\/shop\/#organization\"},\"potentialAction\":[{\"@type\":\"SearchAction\",\"target\":{\"@type\":\"EntryPoint\",\"urlTemplate\":\"https:\/\/www.shoped.it\/shop\/?s={search_term_string}\"},\"query-input\":{\"@type\":\"PropertyValueSpecification\",\"valueRequired\":true,\"valueName\":\"search_term_string\"}}],\"inLanguage\":\"it-IT\"},{\"@type\":\"Organization\",\"@id\":\"https:\/\/www.shoped.it\/shop\/#organization\",\"name\":\"Editoriale Domus\",\"url\":\"https:\/\/www.shoped.it\/shop\/\",\"logo\":{\"@type\":\"ImageObject\",\"inLanguage\":\"it-IT\",\"@id\":\"https:\/\/www.shoped.it\/shop\/#\/schema\/logo\/image\/\",\"url\":\"https:\/\/www.shoped.it\/shop\/wp-content\/uploads\/2018\/01\/logoshoped.png\",\"contentUrl\":\"https:\/\/www.shoped.it\/shop\/wp-content\/uploads\/2018\/01\/logoshoped.png\",\"width\":255,\"height\":80,\"caption\":\"Editoriale Domus\"},\"image\":{\"@id\":\"https:\/\/www.shoped.it\/shop\/#\/schema\/logo\/image\/\"}}]}<\/script>\n<!-- \/ Yoast SEO plugin. -->","yoast_head_json":{"title":"Abbonamento digitale a Dueruote (1 anno) - ShopED - Editoriale Domus","robots":{"index":"index","follow":"follow","max-snippet":"max-snippet:-1","max-image-preview":"max-image-preview:large","max-video-preview":"max-video-preview:-1"},"canonical":"https:\/\/www.shoped.it\/shop\/prodotto\/abbonamento-digitale-dueruote-12-copie-3\/","og_locale":"it_IT","og_type":"article","og_title":"Abbonamento digitale a Dueruote (1 anno) - ShopED - Editoriale Domus","og_description":"Dueruote, la rivista di moto che corre con la tua passione, oggi in versione digitale, per computer, tablet e smartphone Dueruote \u00e8 la rivista di riferimento per tutti gli appassionati di moto e scooter. Un appuntamento mensile imperdibile con test in pista,\u00a0notizie, curiosit\u00e0, opinioni sui modelli pi\u00f9 interessanti. In pi\u00f9, listini del nuovo e le [&hellip;]","og_url":"https:\/\/www.shoped.it\/shop\/prodotto\/abbonamento-digitale-dueruote-12-copie-3\/","og_site_name":"ShopED - Editoriale Domus","article_modified_time":"2026-04-03T02:41:33+00:00","og_image":[{"width":400,"height":429,"url":"https:\/\/www.shoped.it\/shop\/wp-content\/uploads\/2013\/03\/IMMAGINE-X-SHOPED-DRT-ABBO-DIGITALE-576X618-PX-RAF-01-400x429-1.webp","type":"image\/webp"}],"twitter_card":"summary_large_image","twitter_misc":{"Tempo di lettura stimato":"1 minuto"},"schema":{"@context":"https:\/\/schema.org","@graph":[{"@type":"WebPage","@id":"https:\/\/www.shoped.it\/shop\/prodotto\/abbonamento-digitale-dueruote-12-copie-3\/","url":"https:\/\/www.shoped.it\/shop\/prodotto\/abbonamento-digitale-dueruote-12-copie-3\/","name":"Abbonamento digitale a Dueruote (1 anno) - ShopED - Editoriale Domus","isPartOf":{"@id":"https:\/\/www.shoped.it\/shop\/#website"},"primaryImageOfPage":{"@id":"https:\/\/www.shoped.it\/shop\/prodotto\/abbonamento-digitale-dueruote-12-copie-3\/#primaryimage"},"image":{"@id":"https:\/\/www.shoped.it\/shop\/prodotto\/abbonamento-digitale-dueruote-12-copie-3\/#primaryimage"},"thumbnailUrl":"https:\/\/www.shoped.it\/shop\/wp-content\/uploads\/2013\/03\/IMMAGINE-X-SHOPED-DRT-ABBO-DIGITALE-576X618-PX-RAF-01-400x429-1.webp","datePublished":"2013-03-27T04:03:11+00:00","dateModified":"2026-04-03T02:41:33+00:00","breadcrumb":{"@id":"https:\/\/www.shoped.it\/shop\/prodotto\/abbonamento-digitale-dueruote-12-copie-3\/#breadcrumb"},"inLanguage":"it-IT","potentialAction":[{"@type":"ReadAction","target":["https:\/\/www.shoped.it\/shop\/prodotto\/abbonamento-digitale-dueruote-12-copie-3\/"]}]},{"@type":"ImageObject","inLanguage":"it-IT","@id":"https:\/\/www.shoped.it\/shop\/prodotto\/abbonamento-digitale-dueruote-12-copie-3\/#primaryimage","url":"https:\/\/www.shoped.it\/shop\/wp-content\/uploads\/2013\/03\/IMMAGINE-X-SHOPED-DRT-ABBO-DIGITALE-576X618-PX-RAF-01-400x429-1.webp","contentUrl":"https:\/\/www.shoped.it\/shop\/wp-content\/uploads\/2013\/03\/IMMAGINE-X-SHOPED-DRT-ABBO-DIGITALE-576X618-PX-RAF-01-400x429-1.webp","width":400,"height":429},{"@type":"BreadcrumbList","@id":"https:\/\/www.shoped.it\/shop\/prodotto\/abbonamento-digitale-dueruote-12-copie-3\/#breadcrumb","itemListElement":[{"@type":"ListItem","position":1,"name":"Home","item":"https:\/\/www.shoped.it\/shop\/"},{"@type":"ListItem","position":2,"name":"Shop","item":"https:\/\/www.shoped.it\/shop\/negozio\/"},{"@type":"ListItem","position":3,"name":"Pagine Nascoste","item":"https:\/\/www.shoped.it\/shop\/categoria-prodotto\/pagine-nascoste\/"},{"@type":"ListItem","position":4,"name":"Abbonamento digitale a Dueruote (1 anno)"}]},{"@type":"WebSite","@id":"https:\/\/www.shoped.it\/shop\/#website","url":"https:\/\/www.shoped.it\/shop\/","name":"ShopED - Editoriale Domus","description":"lo shop on line di Editoriale Domus: tutti i prodotti di Domus, Quattroruote, Il Cucchiao d&#039;Argento, Meridiani, Meridiani Montagna, Dueruote, Ruoteclassiche, Tuttotrasporti XoffRoad, autopro, TopGear","publisher":{"@id":"https:\/\/www.shoped.it\/shop\/#organization"},"potentialAction":[{"@type":"SearchAction","target":{"@type":"EntryPoint","urlTemplate":"https:\/\/www.shoped.it\/shop\/?s={search_term_string}"},"query-input":{"@type":"PropertyValueSpecification","valueRequired":true,"valueName":"search_term_string"}}],"inLanguage":"it-IT"},{"@type":"Organization","@id":"https:\/\/www.shoped.it\/shop\/#organization","name":"Editoriale Domus","url":"https:\/\/www.shoped.it\/shop\/","logo":{"@type":"ImageObject","inLanguage":"it-IT","@id":"https:\/\/www.shoped.it\/shop\/#\/schema\/logo\/image\/","url":"https:\/\/www.shoped.it\/shop\/wp-content\/uploads\/2018\/01\/logoshoped.png","contentUrl":"https:\/\/www.shoped.it\/shop\/wp-content\/uploads\/2018\/01\/logoshoped.png","width":255,"height":80,"caption":"Editoriale Domus"},"image":{"@id":"https:\/\/www.shoped.it\/shop\/#\/schema\/logo\/image\/"}}]}},"_links":{"self":[{"href":"https:\/\/www.shoped.it\/shop\/wp-json\/wp\/v2\/product\/1274247","targetHints":{"allow":["GET"]}}],"collection":[{"href":"https:\/\/www.shoped.it\/shop\/wp-json\/wp\/v2\/product"}],"about":[{"href":"https:\/\/www.shoped.it\/shop\/wp-json\/wp\/v2\/types\/product"}],"wp:featuredmedia":[{"embeddable":true,"href":"https:\/\/www.shoped.it\/shop\/wp-json\/wp\/v2\/media\/1695026"}],"wp:attachment":[{"href":"https:\/\/www.shoped.it\/shop\/wp-json\/wp\/v2\/media?parent=1274247"}],"wp:term":[{"taxonomy":"product_brand","embeddable":true,"href":"https:\/\/www.shoped.it\/shop\/wp-json\/wp\/v2\/product_brand?post=1274247"},{"taxonomy":"product_cat","embeddable":true,"href":"https:\/\/www.shoped.it\/shop\/wp-json\/wp\/v2\/product_cat?post=1274247"},{"taxonomy":"product_tag","embeddable":true,"href":"https:\/\/www.shoped.it\/shop\/wp-json\/wp\/v2\/product_tag?post=1274247"}],"curies":[{"name":"wp","href":"https:\/\/api.w.org\/{rel}","templated":true}]}}